f 339283?
3
What is the thousands digit of 3286?
3
What is the thousands digit of 4749733?
9
What is the hundreds digit of 7606059?
0
What is the ten thousands digit of 649615?
4
What is the thousands digit of 762256?
2
What is the tens digit of 2990552?
5
What is the ten thousands digit of 478079?
7
What is the hundreds digit of 394816?
8
What is the ten thousands digit of 752475?
5
What is the hundreds digit of 2355702?
7
What is the units digit of 21212?
2
What is the ten thousands digit of 4546001?
4
What is the units digit of 682139?
9
What is the units digit of 389636?
6
What is the ten thousands digit of 692635?
9
What is the thousands digit of 76432?
6
What is the hundreds digit of 6098733?
7
What is the hundreds digit of 193611?
6
What is the hundred thousands digit of 765463?
7
What is the thousands digit of 19000?
9
What is the tens digit of 14605?
0
What is the hundred thousands digit of 14860666?
8
What is the hundreds digit of 259810?
8
What is the millions digit of 13015471?
3
What is the tens digit of 236029?
2
What is the tens digit of 284582?
8
What is the units digit of 4437544?
4
What is the hundreds digit of 13537523?
5
What is the hundred thousands digit of 634684?
6
What is the thousands digit of 138851?
8
What is the tens digit of 11326054?
5
What is the thousands digit of 187151?
7
What is the ten thousands digit of 4869658?
6
What is the hundred thousands digit of 184113?
1
What is the tens digit of 163082?
8
What is the units digit of 66143?
3
What is the thousands digit of 154396?
4
What is the hundred thousands digit of 449837?
4
What is the hundreds digit of 880242?
2
What is the units digit of 10646330?
0
What is the ten thousands digit of 358828?
5
What is the units digit of 9304484?
4
What is the thousands digit of 5010085?
0
What is the thousands digit of 4689516?
9
What is the hundred thousands digit of 1199409?
1
What is the ten thousands digit of 89660?
8
What is the units digit of 3121584?
4
What is the ten millions digit of 11701970?
1
What is the hundred thousands digit of 1196648?
1
What is the ten thousands digit of 71923?
7
What is the hundred thousands digit of 25318131?
3
What is the thousands digit of 1426554?
6
What is the units digit of 30498?
8
What is the hundred thousands digit of 5642007?
6
What is the millions digit of 5105187?
5
What is the thousands digit of 179196?
9
What is the units digit of 25371?
1
What is the thousands digit of 69181?
9
What is the thousands digit of 9598?
9
What is the hundred thousands digit of 515717?
5
What is the hundred thousands digit of 1819220?
8
What is the hundred thousands digit of 1949774?
9
What is the hundreds digit of 377943?
9
What is the tens digit of 67257?
5
What is the tens digit of 20011?
1
What is the ten thousands digit of 90496?
9
What is the hundreds digit of 129283?
2
What is the hundred thousands digit of 152602?
1
What is the ten thousands digit of 833683?
3
What is the ten thousands digit of 85451?
8
What is the units digit of 303496?
6
What is the thousands digit of 7304876?
4
What is the ten millions digit of 17704428?
1
What is the ten thousands digit of 3193634?
9
What is the hundreds digit of 1283651?
6
What is the ten millions digit of 14904353?
1
What is the hundreds digit of 35569735?
7
What is the units digit of 2968090?
0
What is the thousands digit of 2486269?
6
What is the ten thousands digit of 12530620?
3
What is the units digit of 12021770?
0
What is the hundreds digit of 1913923?
9
What is the millions digit of 3092424?
3
What is the hundreds digit of 206489?
4
What is the hundred thousands digit of 5495931?
4
What is the units digit of 21543686?
6
What is the ten thousands digit of 5639982?
3
What is the hundreds digit of 244649?
6
What is the millions digit of 3018726?
3
What is the millions digit of 6419473?
6
What is the units digit of 367271?
1
What is the ten thousands digit of 171349?
7
What is the hundreds digit of 840725?
7
What is the ten thousands digit of 3725248?
2
What is the hundred thousands digit of 379374?
3
What is the hundreds digit of 2293970?
9
What is the thousands digit of 1820956?
0
What is the hundred thousands digit of 6038586?
0
What is the hundreds digit of 887722?
7
What is the hundred thousands digit of 734761?
7
What is the thousands digit of 15170918?
0
What is the units digit of 2225055?
5
What is the tens digit of 166034?
3
What is the thousands digit of 494424?
4
What is the millions digit of 3028558?
3
What is the units digit of 25633585?
5
What is the hundreds digit of 1577760?
7
What is the thousands digit of 4223712?
3
What is the hundreds digit of 3726772?
7
What is the hundred thousands digit of 116051?
1
What is the tens digit of 476252?
5
What is the thousands digit of 153685?
3
What is the units digit of 270585?
5
What is the hundreds digit of 27660565?
5
What is the ten thousands digit of 346726?
4
What is the hundred thousands digit of 160646?
1
What is the ten millions digit of 15374670?
1
What is the units digit of 1421075?
5
What is the hundreds digit of 639079?
0
What is the units digit of 234222?
2
What is the thousands digit of 1683032?
3
What is the hundreds digit of 6335367?
3
What is the tens digit of 76247?
4
What is the hundreds digit of 247481?
4
What is the ten thousands digit of 22230930?
3
What is the hundreds digit of 127276?
2
What is the tens digit of 10453999?
9
What is the units digit of 6043675?
5
What is the ten thousands digit of 31843458?
4
What is the tens digit of 4424?
2
What is the hundreds digit of 5857054?
0
What is the ten thousands digit of 611380?
1
What is the units digit of 3351871?
1
What is the tens digit of 589855?
5
What is the tens digit of 643860?
6
What is the hundreds digit of 847306?
3
What is the thousands digit of 352996?
2
What is the hundreds digit of 9828873?
8
What is the thousands digit of 4508653?
8
What is the tens digit of 601224?
2
What is the ten thousands digit of 4988103?
8
What is the tens digit of 47709?
0
What is the units digit of 22660?
0
What is the hundred thousands digit of 2121202?
1
What is the thousands digit of 759142?
9
What is the hundred thousands digit of 702775?
7
What is the ten thousands digit of 244733?
4
What is the thousands digit of 21113703?
3
What is the thousands digit of 7870710?
0
What is the tens digit of 533534?
3
What is the thousands digit of 143067?
3
What is the millions digit of 5083628?
5
What is the thousands digit of 3091274?
1
What is the hundred thousands digit of 176042?
1
What is the units digit of 5254937?
7
What is the hundred thousands digit of 6660604?
6
What is the thousands digit of 8983093?
3
What is the ten thousands digit of 145482?
4
What is the hundred thousands digit of 4124031?
1
What is the millions digit of 1764936?
1
What is the tens digit of 849006?
0
What is the tens digit of 16503?
0
What is the hundreds digit of 11033637?
6
What is the tens digit of 2678488?
8
What is the millions digit of 1000648?
1
What is the tens digit of 1694115?
1
What is the hundred thousands digit of 156906?
1
What is the ten thousands digit of 137908?
3
What is the tens digit of 1192971?
7
What is the hundred thousands digit of 147277?
1
What is the ten thousands digit of 9348387?
4
What is the hundred thousands digit of 5348378?
3
What is the thousands digit of 5355468?
5
What is the ten thousands digit of 708891?
0
What is the units digit of 1190468?
8
What is the ten thousands digit of 801051?
0
What is the thousands digit of 202469?
2
What is the ten thousands digit of 8965362?
6
What is the hundreds digit of 2662979?
9
What is the hundreds digit of 1353230?
2
What is the thousands digit of 603111?
3
What is the millions digit of 1737400?
1
What is the units digit of 66174?
4
What is the tens digit of 8210411?
1
What is the units digit of 308471?
1
What is the thousands digit of 661184?
1
What is the thousands digit of 398137?
8
What is the tens digit of 538233?
3
What is the hundred thousands digit of 310971?
3
What is the units digit of 302710?
0
What is the units digit of 2252145?
5
What is the hundred thousands digit of 304994?
3
What is the ten thousands digit of 939757?
3
What is the thousands digit of 3953318?
3
What is the hundred thousands digit of 137749?
1
What i